3*x = -l*x + 45. What are the prime factors of x?
3, 5
Let p(a) = -160*a + 54. What are the prime factors of p(-5)?
2, 7, 61
Let k(o) = 197*o + 1. Let s(z) = z - 1. Let x be s(2). What are the prime factors of k(x)?
2, 3, 11
Let t = -23 - 17. List the prime factors of (-16)/t + (-18)/(-5).
2
Let d = -21 + 24. Suppose -d*f + 0*m - 108 = -3*m, -4*f - 117 = 5*m. What are the prime factors of ((-10)/(-6))/((-11)/f)?
5
Let x(f) = 65*f**2 + 18*f + 174. What are the prime factors of x(-7)?
53, 61
Let p(j) = 3*j**3 - j**2 + 2. Let o be p(1). Suppose -5*x = -10, -2*c - o*x - x + 4 = 0. List the prime factors of 41 + 1 - c - 1.
2, 11
List the prime factors of 3 - -3171 - (20 + -14).
2, 3, 11
Suppose 0 = u - 0*u + 4*g - 4, 2*u - 3*g - 8 = 0. Suppose 5*n - 128 = -d, -5*n + 64 = -u*d - 74. List the prime factors of n.
2, 13
Suppose x + 11*x - 24 = 0. Suppose -x*p + 293 = 5*l, -15 = -l + p + 38. What are the prime factors of l?
3, 19
Suppose -5*y - 13 = -i - 10*y, 2*i - y = 81. Let t = -4 - -2. Let a = i + t. What are the prime factors of a?
2, 3
Let b = -22 + 22. Suppose 3*v + 3*v - 720 = b. List the prime factors of v.
2, 3, 5
Suppose 0 = -k + o + 3175, -10 = 3*o - 5*o. What are the prime factors of k?
2, 3, 5, 53
Suppose 0 = -0*t - t + 3. Suppose -t*r = -r - 22. What are the prime factors of r?
11
Let b(w) = -7*w. Let q be b(1). Let k(m) = m**3 + 6*m**2 - 7*m. Let y be k(q). Suppose -2*t + y = -48. What are the prime factors of t?
2, 3
Let x(q) = -10*q + 12. Let t = 18 + -9. Suppose -3*m = 3 + t. List the prime factors of x(m).
2, 13
Let t be (-1 + -2)/(30/(-50)). Suppose -4*a + 325 = 5*g, a = -t*g + 44 + 26. List the prime factors of a.
5, 17
Suppose 3*x = -2*x - 4*b + 102, 5*x - 5*b = 120. Suppose y = 3*y - x. List the prime factors of y.
11
Suppose 13*o - 10*o = -12. Suppose 2*i = b, -i - 3*i + b = -2. List the prime factors of i - -40 - (o - -7).
2, 19
Suppose 0 = -3*z - 4*z. Let g be 2 - 0/((-2)/(-1)). Suppose -g*s = 2, z*s = -4*n + 2*s + 30. What are the prime factors of n?
7
Let n(z) = z**2 - 2*z + 1. Let t be n(1). Suppose -c + 48 = 2*j, 9*j = -2*c + 4*j + 96. Suppose -c = -4*q - t*q. What are the prime factors of q?
2, 3
Suppose 0 = -3*d + 4*d. Suppose -4*j - 4*q = -3*q - 15, 0 = -5*j + 4*q + 24. Suppose -b - 2*g + j = d, -5*b = 2*g - 5*g - 85. List the prime factors of b.
2, 7
Let y = -10 - -15. Suppose -262 = y*c + 4*o - 725, -178 = -2*c - 4*o. List the prime factors of c.
5, 19
Suppose 159 + 103 = 2*b. List the prime factors of b.
131
Let t(n) = -n**2 - 10*n - 14. Let k be t(-7). What are the prime factors of (3 - -1) + (22 - k)?
19
Suppose -2*o = 4*c - 10, -3*c = -6*c + 3*o + 3. Suppose -5*f = -4*z + 2*z - 303, 0 = -4*f + c*z + 242. What are the prime factors of f?
61
What are the prime factors of (380/6)/((-34)/(-255))?
5, 19
Let v(z) = 10*z + 6*z - 3*z. List the prime factors of v(4).
2, 13
Suppose 7*j + 10 = 8*j. Let n be 2/4*16/2. What are the prime factors of (-654)/(-15) + n/j?
2, 11
Let g = -375 + 436. List the prime factors of g.
61
What are the prime factors of (70/105)/(((-2)/4119)/(-1))?
1373
Let d(z) = z**3 + 25*z**2 + 54*z + 48. List the prime factors of d(-22).
2, 3, 13
Let l = -56 - -59. Let r(v) = -36*v**2 + 14*v - 4. Let s(w) = 7*w**2 - 3*w + 1. Let y(o) = 2*r(o) + 11*s(o). List the prime factors of y(l).
3, 11
Let z be (-8 - -5)*(0 + -1). Suppose z*c - 2*c - 179 = 0. List the prime factors of c.
179
Let o(r) = r**3 - 4*r**2 - 11*r + 15. Let p be o(6). Let h = -14 + p. Suppose -a - h = -d + 4, -11 = -d - 5*a. What are the prime factors of d?
11
Let j(h) be the second derivative of -h**5/20 + 5*h**3/3 + 7*h**2 - 6*h. List the prime factors of j(-6).
2, 5, 17
Let a = -1 - -3. Suppose -12 = -2*t - a*t. Suppose -2*g = 6*u - 2*u - 22, -t*g + u + 5 = 0. List the prime factors of g.
3
Let u(m) = 3*m - 63 - 60 + 134 + 5*m**2. List the prime factors of u(4).
103
List the prime factors of -2 + (6 - (-277 - -1)).
2, 5, 7
Suppose 4*f = 2*v + 16, -3*f - 2*f + 3*v = -22. Suppose -4 = f*g - 138. List the prime factors of g.
67
Suppose 13*m + 55 = 263. Suppose -4*c - 14 = -2*c. Let x = m + c. What are the prime factors of x?
3
Let v(c) = -27*c - 7. Let i be v(-1). Let n(q) = -q**3 - 6*q**2 - q + 7. Let u be n(-5). Let l = i + u. What are the prime factors of l?
7
Let o(p) = 2*p**2 - 22*p + 2. Let l be o(11). Suppose -2*b + q + 97 = 0, -5*q - 9 + 88 = l*b. What are the prime factors of b?
47
Let k be 2 + (-228)/(-32) + (-1)/8. Suppose -5*u + 1060 = -i, -4*u - 4*i = -k*u + 1075. List the prime factors of u.
211
Suppose 5*x = 10*o - 9*o - 780, 3*o - 2306 = -2*x. What are the prime factors of o?
2, 5, 7, 11
Let n be -9*(-1)/3 + 5. Suppose 7*p - n*p = -10. List the prime factors of p/(-2 - 3) - -56.
2, 3
Suppose -80 = -8*b + 10*b. Let x = -3 - b. What are the prime factors of x?
37
Suppose -4*k + 3*k + 784 = 0. Suppose k = 8*s - 608. What are the prime factors of s?
2, 3, 29
Let t = 17 + -11. Suppose t*x = 9*x. List the prime factors of 3 - 10*(x - 4).
43
Let x = -14 + 17. Suppose -8*w = -x*w - 145. What are the prime factors of w?
29
Let j be (-4)/(5/((-20)/(-8))). Let q be 112/42*(-9)/j. What are the prime factors of (-2)/3 - (-140)/q?
11
Let x(t) = 161*t**2 + 11*t + 23. What are the prime factors of x(-4)?
5, 7, 73
List the prime factors of 6*(-6 - 3462/(-12)).
3, 5, 113
Let j(m) = 2*m - 5. Let k be j(5). Suppose -2*w - 424 = -k*z, 4*z + 4*w = 257 + 71. List the prime factors of 4/2 + z/7.
2, 7
Suppose -2*r - 19 = y, -1 = r - y + 1. Let u = r - -87. What are the prime factors of u?
2, 5
Let m be (-5 - 165/(-35))*-7. Suppose 25 = 5*q, m*x - x - 192 = -3*q. List the prime factors of x.
3, 59
Let c(j) = 0*j - 15 - 3*j + 4*j. Let n be c(15). List the prime factors of 46 + (-1 + -2 - n).
43
What are the prime factors of 2 + 6 + -4 - -468?
2, 59
Let r(k) = 2*k**3 - 6*k**2 + 21*k - 32. What are the prime factors of r(14)?
2, 2287
Let h(p) = p**3 - 3*p**2 + 3*p - 5. Let g be h(3). Suppose 9*i = g*i + 275. Suppose -2*n + i - 5 = 0. What are the prime factors of n?
5
Suppose 0 = 5*a - 5*d - 45, 4*d - 6*d - 10 = 0. List the prime factors of a.
2
Let w = -23 + 8. Let z = 64 + w. List the prime factors of z.
7
Let q = 37 - 108. Let z = q + 108. Let y = 72 - z. What are the prime factors of y?
5, 7
Let h(n) = -85*n + 35. Let j(z) = 213*z - 87. Let q(m) = 12*h(m) + 5*j(m). List the prime factors of q(3).
2, 3, 5
Suppose -6 = -2*q, -2*o + 380 = 3*q - 609. What are the prime factors of o?
2, 5, 7
Suppose -4*p - 3*k + k = 2624, -p - 642 = 4*k. What are the prime factors of p/(-28)*(3 - 1)?
47
Let v(b) = 152*b**2 + 3*b + 2. List the prime factors of v(1).
157
Suppose -d = d + 230. Let z = 371 + d. List the prime factors of z.
2
Let x = -4090 + 7341. List the prime factors of x.
3251
Suppose 2*f - 5*f + 2 = p, 5*f + 4*p + 6 = 0. Suppose -4*v = f*q - 48 - 192, 572 = 5*q - 4*v. What are the prime factors of q?
2, 29
Suppose 0 = -h + 1266 - 360. What are the prime factors of h?
2, 3, 151
Let j be -3 + (4 - 0) + 1. Let t be (17/j)/(3/90). What are the prime factors of ((-2)/(-5))/(3/t)?
2, 17
Let r = -232 - -281. List the prime factors of r.
7
Let r = 17 + -2. Suppose 0 = j - r - 25. What are the prime factors of j?
2, 5
Let s be (57/4)/(6/16). Suppose 0 = h - 3*a - s, -4*a + 0 = -8. List the prime factors of h.
2, 11
Let f be ((-1)/(-3) - 14/6) + 2. Suppose -3*i - 13 = -x, -5*x + 3*i = -f*x - 113. What are the prime factors of x?
5
Let w(p) = p**2 + 9*p - 14. Suppose -b = -3*b + 12. Let i be (-392)/32 - b/8. What are the prime factors of w(i)?
2, 19
Let m(r) = 2*r**2 + 11*r + 1. Let g(d) = 3*d**2 + 21*d + 1. Let v(h) = 3*g(h) - 5*m(h). Let t be v(7). Suppose -t*p + 80 = -p. What are the prime factors of p?
2, 5
Let x = 908 + 502. List the prime factors of x.
2, 3, 5, 47
What are the prime factors of (2 + 21/(-6))/((-40)/77840)?
3, 7, 139
Suppose 0 = -v - 0*v. Suppose 0*w = w + r - 8, v = -4*w + 3*r - 3. Suppose -120 + 36 = -w*u. List the prime factors of u.
2, 7
Let i = -45 - -48. Suppose -g + 108 = i*u, 0*g - 4*u + 222 = 2*g. What are the prime factors of g?
3, 13
Let d = -483 + 815. Suppose -2*y = -0*y - d. List the prime factors of y.
2, 83
Let a = 46 - 45. Let d(b) = 78*b**3 - 2*b**2 + b. List the prime factors of d(a).
7, 11
Let u = -36 + 19. Let m be 3/(